{"id":216,"date":"2010-09-06T12:53:19","date_gmt":"2010-09-06T10:53:19","guid":{"rendered":"http:\/\/www.heinemann-hamburg.de\/?page_id=216"},"modified":"2010-09-20T17:32:35","modified_gmt":"2010-09-20T15:32:35","slug":"hamburger-abendblatt-uber-heinemann-hamburg","status":"publish","type":"page","link":"http:\/\/www.heinemann-hamburg.de\/?page_id=216","title":{"rendered":"Hamburger Abendblatt Artikel \u00fcber Heinemann Hamburg vom 03. Mai 2004"},"content":{"rendered":"<h2>Familie Heinemann zieht K\u00fcnstler an<\/h2>\n<p>Man <a title=\"Hamburger Abendblatt\" href=\"http:\/\/www.abendblatt.de\/\" target=\"_blank\"><img loading=\"lazy\" decoding=\"async\" class=\"alignleft size-full wp-image-217\" title=\"Link zum Hamburger Abendblatt\" src=\"http:\/\/www.heinemann-hamburg.de\/wp-content\/uploads\/2010\/09\/abend_gr.jpg\" alt=\"\" width=\"400\" height=\"54\" srcset=\"http:\/\/www.heinemann-hamburg.de\/wp-content\/uploads\/2010\/09\/abend_gr.jpg 400w, http:\/\/www.heinemann-hamburg.de\/wp-content\/uploads\/2010\/09\/abend_gr-300x40.jpg 300w\" sizes=\"auto, (max-width: 400px) 100vw, 400px\" \/><\/a>entdeckt ihn nicht unbedingt auf den ersten Blick: Den kleinen, eher unscheinbaren Laden mit dem bunten Schaufenster an der Kastanienallee 31, mitten auf dem Kiez. Prominente Kunden wie Entertainer J\u00fcrgen von der Lippe (55), Komiker Mike Kr\u00fcger (52), Moderator G\u00f6tz Alsman (46) und S\u00e4nger Udo Lindenberg (57) wissen jedoch sehr gut, was sich hinter der schmalen Eingangst\u00fcr befindet: ein Bekleidungsmekka f\u00fcr K\u00fcnstler aus der Showbranche, f\u00fcr Musikvereine und Zirkusse.<br \/>\nSeit 40 Jahren verkauft Horst Heinemann (65) mit seiner Frau Susanne (52) in dem Laden Anz\u00fcge f\u00fcr den gro\u00dfen Auftritt. Skurrile Sakkos, ausgefallene H\u00fcte und Jacken unterschiedlichster Machart h\u00e4ngen an den Kleiderstangen. Auf dem Tresen zeigen Fotoalben, welche Promis schon bei Familie Heinemann gekauft haben. \u201eEin sehr netter und quirliger Kunde ist Helge Schneider&#8220;, erz\u00e4hlt Susanne Heinemann. Bei seinem ersten Besuch vor einigen Jahren habe er jedes Sakko anprobiert und war genauso temperamentvoll wie auf der B\u00fchne. \u201eDanach war ich schwei\u00dfgebadet&#8220;, sagt die gelernte Einzelhandelskauffrau.<br \/>\nIhre gute Laune verliert &#8222;die Seele der Firma Heinemann&#8220;, wie Sohn Horst sie nennt, jedoch auch bei anstrengenden Kunden nicht. Auf individuelle W\u00fcnsche geht sie geduldig ein. Sie ber\u00e4t so lange, bis der richtige Stoff ausgesucht und der passende Schnitt gefunden ist, berichtet der 30-J\u00e4hrige. Geschneidert wird in der Werkstatt in Wandsbek.<br \/>\nAnregungen f\u00fcr neue Trends holen sich die Heinemanns auf Textil- und Modemessen in Hongkong und Las Vegas. \u00dcberall tauchen die Kost\u00fcme des kleinen Familienunternehmens auf: Der Anzug der Michael-Jackson-Wachspuppe im Panoptikum stammt genauso aus der Entwurfsmappe wie die roten Portierjacken des Ordnungspersonals in Hagenbecks Tierpark.<br \/>\nEines der bekanntesten St\u00fccke ist das silber-schwarz-karierte Sakko von Musiker Werner B\u00f6hm alias Gottlieb Wendehals (62). Vor rund 20 Jahren suchte der Stimmungsmacher ein auff\u00e4lliges Kleidungsst\u00fcck f\u00fcr seine Polon\u00e4se-Auftritte. Daraufhin fertigte Horst Heinemann das legend\u00e4re Lurex-Jacket an. \u201eNoch heute liefern wir regelm\u00e4\u00dfig Ersatzjacken an Werner B\u00f6hm&#8220;, erz\u00e4hlt er stolz.<br \/>\nHorst Heinemann junior steht nun vor der Frage, ob er das Familienunternehmen weiterf\u00fchren will. Derzeit studiert er auf Lehramt. \u201eEs reizt mich schon. Denn so interessante Pers\u00f6nlichkeiten wie hier, werde ich in der Schule wohl nicht treffen&#8220;, sagt er schmunzelnd. ari<\/p>\n","protected":false},"excerpt":{"rendered":"<p>Familie Heinemann zieht K\u00fcnstler an Man entdeckt ihn nicht unbedingt auf den ersten Blick: Den kleinen, eher unscheinbaren Laden mit dem bunten Schaufenster an der Kastanienallee 31, mitten auf dem Kiez. Prominente Kunden wie Entertainer J\u00fcrgen von der Lippe (55), &hellip; <a href=\"http:\/\/www.heinemann-hamburg.de\/?page_id=216\">Weiterlesen <span class=\"meta-nav\">&rarr;<\/span><\/a><\/p>\n","protected":false},"author":2,"featured_media":217,"parent":28,"menu_order":0,"comment_status":"closed","ping_status":"closed","template":"","meta":{"ngg_post_thumbnail":0,"footnotes":""},"class_list":["post-216","page","type-page","status-publish","has-post-thumbnail","hentry"],"_links":{"self":[{"href":"http:\/\/www.heinemann-hamburg.de\/index.php?rest_route=\/wp\/v2\/pages\/216","targetHints":{"allow":["GET"]}}],"collection":[{"href":"http:\/\/www.heinemann-hamburg.de\/index.php?rest_route=\/wp\/v2\/pages"}],"about":[{"href":"http:\/\/www.heinemann-hamburg.de\/index.php?rest_route=\/wp\/v2\/types\/page"}],"author":[{"embeddable":true,"href":"http:\/\/www.heinemann-hamburg.de\/index.php?rest_route=\/wp\/v2\/users\/2"}],"replies":[{"embeddable":true,"href":"http:\/\/www.heinemann-hamburg.de\/index.php?rest_route=%2Fwp%2Fv2%2Fcomments&post=216"}],"version-history":[{"count":12,"href":"http:\/\/www.heinemann-hamburg.de\/index.php?rest_route=\/wp\/v2\/pages\/216\/revisions"}],"predecessor-version":[{"id":607,"href":"http:\/\/www.heinemann-hamburg.de\/index.php?rest_route=\/wp\/v2\/pages\/216\/revisions\/607"}],"up":[{"embeddable":true,"href":"http:\/\/www.heinemann-hamburg.de\/index.php?rest_route=\/wp\/v2\/pages\/28"}],"wp:featuredmedia":[{"embeddable":true,"href":"http:\/\/www.heinemann-hamburg.de\/index.php?rest_route=\/wp\/v2\/media\/217"}],"wp:attachment":[{"href":"http:\/\/www.heinemann-hamburg.de\/index.php?rest_route=%2Fwp%2Fv2%2Fmedia&parent=216"}],"curies":[{"name":"wp","href":"https:\/\/api.w.org\/{rel}","templated":true}]}}